.
2, 7
Suppose -4 = -4*n + 8. What are the prime factors of (1/n)/(6/234)?
13
Let h(l) = -3*l**3 + 2*l + 1. What are the prime factors of h(-3)?
2, 19
Let j be (-2)/4*5*-2. What are the prime factors of j/(10/(-6)) + 9?
2, 3
Let u(b) = -7*b - 7. Let h = 0 - -11. Let w(z) = -3*z - 4. Let v(y) = h*w(y) - 6*u(y). What are the prime factors of v(2)?
2
What are the prime factors of 20*(2 + -2 + 1)?
2, 5
Suppose 19*q = 16*q + 1083. What are the prime factors of q?
19
Suppose -2*y - 4*f + 8 = -2*f, -y + 2*f - 8 = 0. Suppose -3*m + m = 2*x - 8, y = 5*x - 2*m - 55. List the prime factors of x.
3
Let v(a) = a - 21. Let x be v(9). What are the prime factors of (-450)/x + 1/(-2)?
37
Let x(q) = q**2 - 2. Let d be x(-2). Suppose -1 - 3 = -4*h - d*b, -3*h = 3*b. Suppose -v = h*v - 21. What are the prime factors of v?
7
Let b(m) = -m**2 + 8*m + 8. Let n be b(9). List the prime factors of (44 - 10) + 3/n.
31
List the prime factors of -303*(48/9)/(-8).
2, 101
Let w(y) = -2*y**3 - 4*y**2 - 3*y + 1. Let s be w(-3). Suppose -4 = -2*d + s. List the prime factors of d.
2
Let y(u) = 7*u**2 - 2*u + 1. Let g be 11/2 + 1/2. Suppose g = 5*j + 1. List the prime factors of y(j).
2, 3
Let k be (3/2)/((-6)/(-20)). Suppose 0*c = -k*c + 100. What are the prime factors of c?
2, 5
What are the prime factors of 30/3*10/4?
5
Suppose 10 = -3*f - 26. Let m = 19 + f. List the prime factors of m.
7
Suppose -q - 3*x + x - 64 = 0, -4*q = -x + 274. Let h = q - -31. Let w = -26 - h. List the prime factors of w.
11
List the prime factors of (8/5)/((-18)/(-2070)).
2, 23
List the prime factors of (-7)/(((-1)/5)/(-5 + 8)).
3, 5, 7
Let x = -7 - -5. Let l be 1/x + (-14)/(-4). Suppose l*g + 3*i = 9, 4*g - 5*i - 4 = -1. List the prime factors of g.
2
Suppose 0 = -4*i + 87 + 45. Let n = -16 + i. Suppose -3*d + n + 19 = 0. List the prime factors of d.
2, 3
List the prime factors of 4/(-22) - 1025/(-11).
3, 31
Let y(c) be the second derivative of c**5/20 - 7*c**4/12 + c**3/2 - 4*c**2 + 2*c. List the prime factors of y(7).
13
Let i(s) = -s**3 - 2*s**2 - 2*s - 6. List the prime factors of i(-5).
79
Let n = 98 - 54. Suppose -n = -g - 6. List the prime factors of g.
2, 19
Let o be ((-38)/4 - -3)*2. Let f = -8 - o. Suppose f*z = 0, 2*z - 55 = -5*b - z. What are the prime factors of b?
11
List the prime factors of 13/52 - 423/(-4).
2, 53
Let w be (-4)/(-10)*-2*-30. Suppose -v = -w - 5. What are the prime factors of v?
29
Let i be 3*(-8)/(-6)*1. Let d be (i/(-10))/((-1)/5). Suppose h - 6 = -d*q, 0 = h - 2*h - 4. What are the prime factors of q?
5
Let v = 6 - 2. Let q(s) = -s**3 + 5*s**2 - s + 2. List the prime factors of q(v).
2, 7
Suppose -29 = -4*l + 3. What are the prime factors of l?
2
Suppose 13*r - 128 = 11*r + 4*h, -196 = -3*r + 4*h. What are the prime factors of r?
2, 17
Let h be ((-3)/(-6))/(1/10). Suppose c - h = -2. Suppose -c*l = -12 - 21. List the prime factors of l.
11
Let y be 1*(25 + (3 - 1)). Let n(v) = v**3 + 9*v**2 - 11*v - 5. Let j be n(-10). Suppose -2*l = -j*l + y. List the prime factors of l.
3
Let f(z) = -45*z + 5. What are the prime factors of f(-2)?
5, 19
Let y = 7 - 4. Suppose 0 = y*m - 6*m + 30. List the prime factors of m.
2, 5
Let b(r) = -r. Let o be b(5). What are the prime factors of 429/15 - 2/o?
29
Suppose 4*x + 11 = 191. What are the prime factors of x?
3, 5
Suppose -2*i - 30 = -2*p, 3*p - 5*i - 26 - 29 = 0. Suppose -p = -3*f - 4. Suppose -18 = -f*a - a. List the prime factors of a.
2, 3
Suppose -q = 5*c - 36, 4*q - 3*c = 156 - 58. List the prime factors of q.
2, 13
Suppose -5*k + 4*k = -7. List the prime factors of k.
7
Let r = 18 + -10. Suppose 0*u - u = -r. What are the prime factors of u?
2
Suppose -2*p + p + 15 = 0. List the prime factors of 4 - (-5)/(p/(-6)).
2
Let h = 299 - 174. List the prime factors of h.
5
Let w(l) = -9*l - 1. Let i(y) be the first derivative of y**2/2 + 1. Let p(f) = -3*i(f) - w(f). What are the prime factors of p(1)?
7
Let i = -2 - -37. What are the prime factors of i?
5, 7
Let i = -116 + 197. What are the prime factors of i?
3
Let c(f) = -f**3 - 6*f**2 + 7*f + 3. Let n be c(-7). Suppose 4*z - n = 9. What are the prime factors of z?
3
Suppose 0 = 9*l - 5*l - 428. What are the prime factors of l?
107
What are the prime factors of ((-446)/5)/(8/(-20))?
223
Suppose y = 2*r - 108, -3*r - 4*y = 4 - 188. What are the prime factors of r?
2, 7
Let u(o) = 3*o**3 - o + 6. What are the prime factors of u(3)?
2, 3, 7
Let w = 103 - 70. What are the prime factors of w?
3, 11
Let s = -2 + 0. Let o be (s + -1 + 1)*-1. Suppose 0*l = o*l - 8. What are the prime factors of l?
2
Suppose -4*k + 21 = 1. Suppose -b = -v - k, -5*b + 3*v = 11 - 38. List the prime factors of b.
2, 3
Suppose -2*n - 2*n + 12 = 0. Suppose -3*i + 9 = n*v, -i - 5 = -5*v - 14. Suppose x + k - 8 = 0, k - 2 = -i*x + 18. What are the prime factors of x?
2
Suppose 4*q - 11 = 5. Suppose 0*p = -q*p + 72. What are the prime factors of p?
2, 3
Suppose -9 = 2*x + 1. Let u = 6 + x. What are the prime factors of -4 - -12 - (u + -1)?
2
List the prime factors of -6*(-5)/(-40)*-36.
3
Suppose 4*s = -3*q + 95, 2*q + 68 = 3*s + q. Suppose -3*h + 2*h = -13. Suppose -s - h = -3*y. What are the prime factors of y?
2, 3
Let m(k) = 2*k**2 - 2*k - 7. Let b be m(8). Suppose -b = -4*f - 1. What are the prime factors of f?
2, 13
Suppose -3*z + 9*z = 0. Suppose 2*r + 2*k = -2*k, 2*k = 3*r - 8. Suppose r*u - 10 = -z*u. List the prime factors of u.
5
Let a(t) = -2*t - 10. Let n be a(-7). Let q = -2 + n. What are the prime factors of q?
2
What are the prime factors of 20/5 + -2 - -51?
53
Let k(r) = r**2 + 8*r + 1. Let o be k(-6). Let t = o + 18. Suppose -2*i - t*m = -3*m - 14, -2*m + 21 = 3*i. List the prime factors of i.
7
Let l be 2/(-4) + 87/2. Suppose -u + 3*y + 5 = 0, 2*u - y + 6*y = l. What are the prime factors of u?
2, 7
What are the prime factors of 2*2*(-9)/(-4)?
3
Suppose 0 = -4*s, 3*s + 158 = r + 8*s. What are the prime factors of r?
2, 79
Let x(j) = 5 + 2*j + 7 - 6 + 3. What are the prime factors of x(10)?
29
Let f(l) = l**3 + l**2 - l + 4. Let z be f(0). Suppose -n - 48 = -z*b, -41 = -3*b + 3*n - n. What are the prime factors of b?
11
Let n(t) = t**3 - 7*t**2 + 5*t + 7. Let d be n(6). Let s(k) = 5*k**2 + 1. List the prime factors of s(d).
2, 3
Let o = 39 - 24. What are the prime factors of o?
3, 5
List the prime factors of (0 - -1)*(-349 - -1)/(-4).
3, 29
Let z = 6 + 2. Let o be 1 + (2 - 8*1). Let b = o + z. List the prime factors of b.
3
Suppose -g + 2 = 0, -5*a + 5*g - 12 = 8. What are the prime factors of 4 - 1/(-1 - a)?
3
Suppose -3*y + 0*y = 0. Suppose y = -4*o + 24. What are the prime factors of o?
2, 3
Let r(n) = -2*n + 8. Let s be -8*(1 + (-1)/4). Let a be r(s). Suppose -a = -x - x. What are the prime factors of x?
2, 5
Let w = -8 + 24. What are the prime factors of w?
2
Let w(d) = 2*d + 1. Let f be w(2). Suppose 23 = f*s - 17. List the prime factors of s.
2
Suppose 2*r - 84 = 4*h, 2*r + 2*h - 90 = 4*h. List the prime factors of r.
2, 3
Suppose 4*t - 2 = 2*t, -4*y + 3*t + 77 = 0. Suppose -5*b + y = 0, -3*d - 2*b + 40 = -5*d. Let p = d - -28. What are the prime factors of p?
2, 3
Let r = -1 - 8. Let z be ((-28)/(-35))/((-4)/(-10)). List the prime factors of (z - r) + (-3 - -1).
3
Let j(m) = -2*m. Let c be j(-1). Suppose -c*y + 30 = -0*y. List the prime factors of y.
3, 5
Suppose -5*u = -4*p + 15, u + 18 = 4*p - 1. Suppose p*f - 5*m = 20, -4*f - m = -0*f - 26. Suppose -f = i - 2*i. What are the prime factors of i?
2, 3
Let n be 24/9 + (-2)/3. Let m = -4 - n. Let y(g) = g**3 + 7*g**2 + 7*g + 9. What are the prime factors of y(m)?
3
Suppose -4*y + 12 = -0*y. Suppose -3*u = -w - 48, y*w + 14 = u + 2*w. List the prime factors of u.
17
Let p = 1 + 8. Let j = 15 - p. Suppose -3*i + j = -24. List the prime factors of i.
2, 5
Let b be ((-2)/6)/(1/(-15)). Suppose -77 = -b*q + 58. Suppose -39 = -3*k + q. What are the prime factors of k?
2, 11
Let p = 2 + -4. List the prime factors of ((-19)/p)/(1/2).
19
Let w be -2 + 30*3/2. Let k(h) = h**3 + 4*h**2 - 6*h - 3. Let m be k(-5). Suppose 0*c - 11 = -r + 2*c, -5*r - m*c = -w. List the prime factors of r.
3
Suppose 3*b = 11 + 10. Let s(r) = -b + 8 - 4*r - 7*r. What are the prime factors of s(-1)?
2, 3
Suppose -4*f + 5*a - 17 = 0, 0*f + 13 = -f + 3*a. Suppose -6*